{"id":118,"date":"2024-08-05T12:53:24","date_gmt":"2024-08-05T10:53:24","guid":{"rendered":"https:\/\/kdanse-villemoisson.fr\/?page_id=118"},"modified":"2024-08-06T14:30:05","modified_gmt":"2024-08-06T12:30:05","slug":"tarifs-et-inscriptions","status":"publish","type":"page","link":"https:\/\/kdanse-villemoisson.fr\/index.php\/tarifs-et-inscriptions\/","title":{"rendered":"Tarifs et inscriptions"},"content":{"rendered":"\n<div class=\"wp-block-cover alignfull\" style=\"min-height:430px;aspect-ratio:unset;\"><span aria-hidden=\"true\" class=\"wp-block-cover__background has-black-background-color has-background-dim\"><\/span><img loading=\"lazy\" decoding=\"async\" width=\"2000\" height=\"800\" class=\"wp-block-cover__image-background wp-image-30\" alt=\"\" src=\"https:\/\/kdanse-villemoisson.fr\/wp-content\/uploads\/2024\/08\/4.png\" style=\"object-position:47% 28%\" data-object-fit=\"cover\" data-object-position=\"47% 28%\" srcset=\"https:\/\/kdanse-villemoisson.fr\/wp-content\/uploads\/2024\/08\/4.png 2000w, https:\/\/kdanse-villemoisson.fr\/wp-content\/uploads\/2024\/08\/4-300x120.png 300w, https:\/\/kdanse-villemoisson.fr\/wp-content\/uploads\/2024\/08\/4-1024x410.png 1024w, https:\/\/kdanse-villemoisson.fr\/wp-content\/uploads\/2024\/08\/4-768x307.png 768w, https:\/\/kdanse-villemoisson.fr\/wp-content\/uploads\/2024\/08\/4-1536x614.png 1536w\" sizes=\"(max-width: 2000px) 100vw, 2000px\" \/><div class=\"wp-block-cover__inner-container is-layout-constrained wp-block-cover-is-layout-constrained\">\n<p class=\"has-text-align-center has-large-font-size\">TARIFS ET INSCRIPTIONS<\/p>\n\n\n\n<p><\/p>\n<\/div><\/div>\n\n\n\n<div class=\"wp-block-columns is-layout-flex wp-container-core-columns-is-layout-1 wp-block-columns-is-layout-flex\" style=\"padding-top:var(--wp--preset--spacing--20);padding-bottom:var(--wp--preset--spacing--20)\">\n<div class=\"wp-block-column is-layout-flow wp-block-column-is-layout-flow\" style=\"flex-basis:66.66%\">\n<figure style=\"font-size:14px\" class=\"wp-block-table\"><table><tbody><tr><td><strong>Pilates \/ Body Balance \/ Stretching \/ Renforcement musculaire\/ Relaxation <em>(1 jeudi sur 2) <\/em><br>Ballet-barre sculpt \/ Zumba adultes \/ Jazz \/ Hip Hop<\/strong><\/td><td>1h<\/td><td>180\u20ac<\/td><\/tr><tr><td><strong>Rock \/ Danses de salon<\/strong><\/td><td>1h<\/td><td>Individuel: 250\u20ac<br>Couple: 450\u20ac<\/td><\/tr><tr><td><strong>\u00c9veil \/Zumba enfants<\/strong><\/td><td>45 min<\/td><td><br>120\u20ac<\/td><\/tr><tr><td><strong>Hip Hop \/ Classique<\/strong><\/td><td>1h15<\/td><td>210\u20ac<\/td><\/tr><tr><td><strong>Jazz \/Classique<\/strong><\/td><td>1h30<\/td><td><br>250\u20ac<\/td><\/tr><tr><td><strong>Classique Adultes<\/strong><\/td><td>1h45<\/td><td>290\u20ac<\/td><\/tr><\/tbody><\/table><figcaption class=\"wp-element-caption\">Cours d&rsquo;essai offert<\/figcaption><\/figure>\n<\/div>\n\n\n\n<div class=\"wp-block-column is-layout-flow wp-block-column-is-layout-flow\" style=\"flex-basis:33.33%\">\n<figure class=\"wp-block-image aligncenter size-full is-style-rounded\"><img loading=\"lazy\" decoding=\"async\" width=\"800\" height=\"800\" src=\"https:\/\/kdanse-villemoisson.fr\/wp-content\/uploads\/2024\/08\/20.png\" alt=\"\" class=\"wp-image-200\" srcset=\"https:\/\/kdanse-villemoisson.fr\/wp-content\/uploads\/2024\/08\/20.png 800w, https:\/\/kdanse-villemoisson.fr\/wp-content\/uploads\/2024\/08\/20-300x300.png 300w, https:\/\/kdanse-villemoisson.fr\/wp-content\/uploads\/2024\/08\/20-150x150.png 150w, https:\/\/kdanse-villemoisson.fr\/wp-content\/uploads\/2024\/08\/20-768x768.png 768w\" sizes=\"(max-width: 800px) 100vw, 800px\" \/><\/figure>\n<\/div>\n<\/div>\n\n\n\n<details class=\"wp-block-details has-ast-global-color-0-color has-text-color has-link-color wp-elements-f36856329d13a54562c158412d9ed83c is-layout-flow wp-block-details-is-layout-flow\"><summary>R\u00e9ductions individuelles<\/summary>\n<ul class=\"wp-block-list\">\n<li style=\"padding-top:0;padding-right:0;padding-bottom:0;padding-left:0\">de 1h30 \u00e0 2h15 de cours total : -10%<\/li>\n\n\n\n<li>de 2h30 \u00e0 3h30 de cours total: -25%<\/li>\n\n\n\n<li>de 3h45 \u00e0 4h30 de cours total: -35%<\/li>\n\n\n\n<li>\u00e0 partir de 4h45 de cours total: -45%<\/li>\n<\/ul>\n\n\n\n<p><\/p>\n<\/details>\n\n\n\n<details class=\"wp-block-details has-ast-global-color-0-color has-text-color has-link-color wp-elements-aad2bd5dea0c4bb3dc856985c4fd8006 is-layout-flow wp-block-details-is-layout-flow\"><summary>R\u00e9duction famille nombreuse<\/summary>\n<p>Si 3 membres ou plus de la m\u00eame famille r\u00e9sidant \u00e0 la m\u00eame adresse sont<br>inscrits, une r\u00e9duction suppl\u00e9mentaire de 10% est accord\u00e9e pour chaque<br>adh\u00e9rent<\/p>\n<\/details>\n\n\n\n<ul class=\"wp-block-list\"><\/ul>\n\n\n\n<h2 class=\"wp-block-heading has-text-align-center\">Bulletin d&rsquo;inscription 2024-2025<\/h2>\n\n\n\n<div class=\"wp-block-buttons is-content-justification-center is-layout-flex wp-container-core-buttons-is-layout-1 wp-block-buttons-is-layout-flex\">\n<div class=\"wp-block-button\"><a class=\"wp-block-button__link wp-element-button\" href=\"https:\/\/kdanse-villemoisson.fr\/wp-content\/uploads\/2024\/08\/Bulletin-inscription-Kdanse-2024-2025-2.pdf\">Bulletin d&rsquo;inscription<\/a><\/div>\n<\/div>\n","protected":false},"excerpt":{"rendered":"<p>Pilates \/ Body Balance \/ Stretching \/ Renforcement musculaire\/ Relaxation (1 jeudi sur 2) Ballet-barre sculpt \/ Zumba adultes \/ [&hellip;]<\/p>\n","protected":false},"author":2,"featured_media":0,"parent":0,"menu_order":0,"comment_status":"closed","ping_status":"closed","template":"","meta":{"site-sidebar-layout":"default","site-content-layout":"","ast-site-content-layout":"","site-content-style":"default","site-sidebar-style":"default","ast-global-header-display":"","ast-banner-title-visibility":"","ast-main-header-display":"","ast-hfb-above-header-display":"","ast-hfb-below-header-display":"","ast-hfb-mobile-header-display":"","site-post-title":"disabled","ast-breadcrumbs-content":"","ast-featured-img":"","footer-sml-layout":"","theme-transparent-header-meta":"","adv-header-id-meta":"","stick-header-meta":"","header-above-stick-meta":"","header-main-stick-meta":"","header-below-stick-meta":"","astra-migrate-meta-layouts":"default","ast-page-background-enabled":"default","ast-page-background-meta":{"desktop":{"background-color":"var(--ast-global-color-4)","background-image":"","background-repeat":"repeat","background-position":"center center","background-size":"auto","background-attachment":"scroll","background-type":"","background-media":"","overlay-type":"","overlay-color":"","overlay-opacity":"","overlay-gradient":""},"tablet":{"background-color":"","background-image":"","background-repeat":"repeat","background-position":"center center","background-size":"auto","background-attachment":"scroll","background-type":"","background-media":"","overlay-type":"","overlay-color":"","overlay-opacity":"","overlay-gradient":""},"mobile":{"background-color":"","background-image":"","background-repeat":"repeat","background-position":"center center","background-size":"auto","background-attachment":"scroll","background-type":"","background-media":"","overlay-type":"","overlay-color":"","overlay-opacity":"","overlay-gradient":""}},"ast-content-background-meta":{"desktop":{"background-color":"var(--ast-global-color-5)","background-image":"","background-repeat":"repeat","background-position":"center center","background-size":"auto","background-attachment":"scroll","background-type":"","background-media":"","overlay-type":"","overlay-color":"","overlay-opacity":"","overlay-gradient":""},"tablet":{"background-color":"var(--ast-global-color-5)","background-image":"","background-repeat":"repeat","background-position":"center center","background-size":"auto","background-attachment":"scroll","background-type":"","background-media":"","overlay-type":"","overlay-color":"","overlay-opacity":"","overlay-gradient":""},"mobile":{"background-color":"var(--ast-global-color-5)","background-image":"","background-repeat":"repeat","background-position":"center center","background-size":"auto","background-attachment":"scroll","background-type":"","background-media":"","overlay-type":"","overlay-color":"","overlay-opacity":"","overlay-gradient":""}},"footnotes":""},"class_list":["post-118","page","type-page","status-publish","hentry"],"_links":{"self":[{"href":"https:\/\/kdanse-villemoisson.fr\/index.php\/wp-json\/wp\/v2\/pages\/118"}],"collection":[{"href":"https:\/\/kdanse-villemoisson.fr\/index.php\/wp-json\/wp\/v2\/pages"}],"about":[{"href":"https:\/\/kdanse-villemoisson.fr\/index.php\/wp-json\/wp\/v2\/types\/page"}],"author":[{"embeddable":true,"href":"https:\/\/kdanse-villemoisson.fr\/index.php\/wp-json\/wp\/v2\/users\/2"}],"replies":[{"embeddable":true,"href":"https:\/\/kdanse-villemoisson.fr\/index.php\/wp-json\/wp\/v2\/comments?post=118"}],"version-history":[{"count":11,"href":"https:\/\/kdanse-villemoisson.fr\/index.php\/wp-json\/wp\/v2\/pages\/118\/revisions"}],"predecessor-version":[{"id":207,"href":"https:\/\/kdanse-villemoisson.fr\/index.php\/wp-json\/wp\/v2\/pages\/118\/revisions\/207"}],"wp:attachment":[{"href":"https:\/\/kdanse-villemoisson.fr\/index.php\/wp-json\/wp\/v2\/media?parent=118"}],"curies":[{"name":"wp","href":"https:\/\/api.w.org\/{rel}","templated":true}]}}